{"id":18,"date":"2024-10-07T01:08:33","date_gmt":"2024-10-07T01:08:33","guid":{"rendered":"https:\/\/fecopse.org\/?page_id=18"},"modified":"2025-02-18T17:56:57","modified_gmt":"2025-02-18T17:56:57","slug":"servicios","status":"publish","type":"page","link":"https:\/\/www.fecopse.org\/index.php\/servicios\/","title":{"rendered":"Servicios"},"content":{"rendered":"\n<div class=\"wp-block-stackable-heading stk-block-heading stk-block-heading--v2 stk-block stk-f1c8ef9\" id=\"t\" data-block-id=\"f1c8ef9\"><h2 class=\"stk-block-heading__text\"><strong>Apoyos que se brindan.<\/strong><\/h2><\/div>\n\n\n\n<div class=\"wp-block-stackable-columns stk-block-columns stk-block stk-17d0802\" data-block-id=\"17d0802\"><div class=\"stk-row stk-inner-blocks stk-block-content stk-content-align stk-17d0802-column\">\n<div class=\"wp-block-stackable-column stk-block-column stk-column stk-block stk-1697bde\" data-v=\"4\" data-block-id=\"1697bde\"><div class=\"stk-column-wrapper stk-block-column__content stk-container stk-1697bde-container stk--no-background stk--no-padding\"><div class=\"stk-block-content stk-inner-blocks stk-1697bde-inner-blocks\">\n<ul class=\"wp-block-list\">\n<li>Asesor\u00eda legal gratuita<\/li>\n\n\n\n<li>Asesor\u00eda contable gratuita<\/li>\n\n\n\n<li>Elaboraci\u00f3n de carta de ingresos econ\u00f3micos para otorgamiento de cr\u00e9ditos financieros gubernamentales o privados<\/li>\n\n\n\n<li>Beneficiario directo a programas gubernamentales de apoyos econ\u00f3micos o en especie gubernamentales<\/li>\n\n\n\n<li>Orientaci\u00f3n en cualquier tema relacionado con el sector comercio<\/li>\n<\/ul>\n<\/div><\/div><\/div>\n<\/div><\/div>\n\n\n\n<div class=\"wp-block-stackable-columns alignfull stk-block-columns stk-block stk-1ffafca\" data-block-id=\"1ffafca\"><div class=\"stk-row stk-inner-blocks stk-block-content stk-content-align stk-1ffafca-column\">\n<div class=\"wp-block-stackable-column stk-block-column stk-column stk-block stk-a8f85f1\" data-v=\"4\" data-block-id=\"a8f85f1\"><div class=\"stk-column-wrapper stk-block-column__content stk-container stk-a8f85f1-container stk--no-background stk--no-padding\"><div class=\"stk-block-content stk-inner-blocks stk-a8f85f1-inner-blocks\">\n<div class=\"wp-block-stackable-columns stk-block-columns stk-block stk-98aa987\" data-block-id=\"98aa987\"><style>.stk-98aa987-column{--stk-column-gap:32px !important;}<\/style><div class=\"stk-row stk-inner-blocks stk-block-content stk-content-align stk-98aa987-column\">\n<div class=\"wp-block-stackable-column stk-block-column stk-column stk-block stk-e21020c\" data-v=\"4\" data-block-id=\"e21020c\"><style>.stk-e21020c-container{margin-top:0px !important;margin-right:0px !important;margin-bottom:0px !important;margin-left:0px !important;}<\/style><div class=\"stk-column-wrapper stk-block-column__content stk-container stk-e21020c-container stk--no-background stk--no-padding\"><div class=\"stk-block-content stk-inner-blocks stk-e21020c-inner-blocks\">\n<div class=\"wp-block-stackable-image stk-block-image stk-block stk-efda2ea\" data-block-id=\"efda2ea\"><style>.stk-efda2ea .stk-img-wrapper{height:615px !important;}<\/style><figure><span class=\"stk-img-wrapper stk-image--shape-stretch\"><img loading=\"lazy\" decoding=\"async\" class=\"stk-img wp-image-439\" src=\"https:\/\/fecopse.org\/wp-content\/uploads\/2024\/10\/portrait_1.jpg\" width=\"1280\" height=\"853\" srcset=\"https:\/\/www.fecopse.org\/wp-content\/uploads\/2024\/10\/portrait_1.jpg 1280w, https:\/\/www.fecopse.org\/wp-content\/uploads\/2024\/10\/portrait_1-300x200.jpg 300w, https:\/\/www.fecopse.org\/wp-content\/uploads\/2024\/10\/portrait_1-1024x682.jpg 1024w, https:\/\/www.fecopse.org\/wp-content\/uploads\/2024\/10\/portrait_1-768x512.jpg 768w\" sizes=\"auto, (max-width: 1280px) 100vw, 1280px\" \/><\/span><\/figure><\/div>\n<\/div><\/div><\/div>\n<\/div><\/div>\n<\/div><\/div><\/div>\n<\/div><\/div>\n\n\n\n<h3 class=\"wp-block-heading\">Beneficios de Pertenecer a la Federaci\u00f3n de Comerciantes:<\/h3>\n\n\n\n<ul class=\"wp-block-list\">\n<li><strong>Asesor\u00eda de Gesti\u00f3n de Negocios<\/strong> en los \u00e1mbitos municipal, estatal o federal (licencias de empadronamiento municipal de funcionamiento, Visto Bueno de Protecci\u00f3n Civil, licencia de funcionamiento en v\u00eda p\u00fablica), con la G.P. Ma. del Roc\u00edo Alvarado Ram\u00edrez y con Malvina Alarc\u00f3n Ram\u00edrez.<\/li>\n\n\n\n<li><strong>Asesor\u00eda legal gratuita<\/strong>, a cargo del Licenciado en Derecho Paulo Antonio Alarc\u00f3n Ram\u00edrez<\/li>\n\n\n\n<li><strong>Asesor\u00eda contable gratuita<\/strong>, a cargo del Contador P\u00fablico, V\u00edctor Daniel Flores V\u00e1zquez<\/li>\n\n\n\n<li><strong>Elaboraci\u00f3n de carta de ingresos econ\u00f3micos<\/strong> para otorgamiento de cr\u00e9ditos financieros gubernamentales o privados; cartas de recomendaci\u00f3n para asuntos laborales o de otra \u00edndole.<\/li>\n\n\n\n<li><strong>Beneficiario directo a programas gubernamentales <\/strong>de apoyos econ\u00f3micos o en especie que se brindan a nivel federal, estatal o municipal, relacionados con el sector comercio.<\/li>\n\n\n\n<li><strong>Orientaci\u00f3n<\/strong> <strong>en cualquier tema relacionado con el sector comercio<\/strong>. Deber\u00e1s acudir directamente con tu dirigente para la asesor\u00eda y gu\u00eda correspondiente y\/o estar atentos a la informaci\u00f3n proporcionada en los grupos de WhatsApp de la uni\u00f3n a la que pertenezcas y\/o llamar a los n\u00fameros proporcionados en este documento relacionado a la duda que tengas.<\/li>\n<\/ul>\n","protected":false},"excerpt":{"rendered":"<p>Apoyos que se brindan. Beneficios de Pertenecer a la Federaci\u00f3n de Comerciantes:<\/p>\n","protected":false},"author":1,"featured_media":297,"parent":0,"menu_order":0,"comment_status":"closed","ping_status":"closed","template":"","meta":{"_joinchat":[],"footnotes":""},"class_list":["post-18","page","type-page","status-publish","has-post-thumbnail","hentry"],"blocksy_meta":{"has_hero_section":"disabled","styles_descriptor":{"styles":{"desktop":"","tablet":"","mobile":""},"google_fonts":[],"version":6}},"_links":{"self":[{"href":"https:\/\/www.fecopse.org\/index.php\/wp-json\/wp\/v2\/pages\/18","targetHints":{"allow":["GET"]}}],"collection":[{"href":"https:\/\/www.fecopse.org\/index.php\/wp-json\/wp\/v2\/pages"}],"about":[{"href":"https:\/\/www.fecopse.org\/index.php\/wp-json\/wp\/v2\/types\/page"}],"author":[{"embeddable":true,"href":"https:\/\/www.fecopse.org\/index.php\/wp-json\/wp\/v2\/users\/1"}],"replies":[{"embeddable":true,"href":"https:\/\/www.fecopse.org\/index.php\/wp-json\/wp\/v2\/comments?post=18"}],"version-history":[{"count":11,"href":"https:\/\/www.fecopse.org\/index.php\/wp-json\/wp\/v2\/pages\/18\/revisions"}],"predecessor-version":[{"id":524,"href":"https:\/\/www.fecopse.org\/index.php\/wp-json\/wp\/v2\/pages\/18\/revisions\/524"}],"wp:featuredmedia":[{"embeddable":true,"href":"https:\/\/www.fecopse.org\/index.php\/wp-json\/wp\/v2\/media\/297"}],"wp:attachment":[{"href":"https:\/\/www.fecopse.org\/index.php\/wp-json\/wp\/v2\/media?parent=18"}],"curies":[{"name":"wp","href":"https:\/\/api.w.org\/{rel}","templated":true}]}}